eatest common factor of h and 9?
9
Suppose -32 - 24 = -4*j. Let t(z) = 97*z**3 + z**2. Let k be t(1). What is the greatest common divisor of k and j?
14
Let t be (-6)/(3 - 124/40). What is the greatest common factor of 80 and t?
20
Suppose 2 = f - 2. Suppose -41 = 3*y + 10. Let s = -5 - y. What is the greatest common factor of f and s?
4
Suppose 4*g + 3*h - 73 = 0, 0 = -3*g - 4*h + 11 + 42. What is the highest common factor of g and 95?
19
Let x(i) = -2*i**2 - 21*i + 10. Let k be x(-10). What is the highest common divisor of 80 and k?
20
Let y be (1 - 50/(-2)) + 0. Let f be (-24)/9*-6 - 3/1. Calculate the highest common factor of y and f.
13
Let m(q) = -3*q + 1. Let d be m(-2). Suppose 2*v - 52 = t - d, 30 = v - 2*t. What is the greatest common factor of v and 8?
4
Suppose 2*h - 30 = -0. Calculate the highest common divisor of 3 and h.
3
Let n = -9 + 13. Suppose 0 = -2*p + 3*q + 41, -n*p + 5*p - 2*q - 23 = 0. Calculate the greatest common divisor of 91 and p.
13
Let x be (-7655)/(-45) - (-1)/(-9). Calculate the highest common divisor of 68 and x.
34
Let o be 5 + 10/8 + (-1)/4. Calculate the greatest common divisor of 54 and o.
6
Let k(x) = -x + 8. Let z be k(8). Suppose 4*n + z*n - 140 = u, -148 = -4*n - u. Calculate the greatest common divisor of 12 and n.
12
Let x be 45/(-75) + (-58)/(-5). Calculate the highest common divisor of 11 and x.
11
Let x be -3 - ((-3)/(-1) - 29). Suppose 5*i - 365 = 440. What is the highest common factor of x and i?
23
Let g be (-13)/(-39) - (-14)/3. Suppose -g*h + 26 + 4 = 0. Calculate the greatest common factor of 30 and h.
6
Let p be ((-3)/(-6))/(1/12). Let a(d) = -2*d + 20 - p + 3*d. Let w be a(-6). What is the highest common divisor of w and 32?
8
Suppose -3*k + 26 + 28 = 0. Let h be ((-4)/6)/((-2)/k). Suppose 24 + 0 = 4*z. What is the highest common factor of h and z?
6
Suppose 0*i = -v + 2*i + 28, 0 = -2*i - 8. Calculate the highest common factor of 30 and v.
10
Let k be (-1*119)/(3 + -4). Let w = k - 66. Suppose 0 = -8*a + 3*a - 4*x + 137, -2*a = x - w. Calculate the greatest common factor of 10 and a.
5
Let q = 0 + 3. Suppose 0 = 4*y - 8, q*y = 2*k + 2*k + 2. Let o = 27 + -23. What is the greatest common divisor of k and o?
1
Let d be 6/(-21) + (-23)/(-7). Suppose b + d*t + 1 = 3, -14 = -3*b - t. Suppose -b*h + 48 = -h. What is the greatest common factor of h and 48?
12
Suppose -2*y + 5*n + 1609 = 0, -5*y + 2917 = -4*n - 1063. Suppose -4*t + 4*w = -y, -219 = 3*t + 5*w - 813. Calculate the highest common factor of 18 and t.
18
Let t be 3/(-3 - 9/(-6)). Let c be (-5)/t*38 + 1. Calculate the highest common factor of c and 24.
24
Let j = -68 + 200. Let p = -13 + j. Suppose l + 0*l + 90 = 4*c, -5*c + p = 2*l. Calculate the highest common factor of 92 and c.
23
Let c(a) = -a**3 - 14*a**2 + 16*a + 20. Let u be c(-15). Calculate the highest common factor of u and 40.
5
Suppose 5*k = v - 2 + 8, -2*k = -2*v + 20. Calculate the greatest common divisor of 21 and v.
7
Let m be (-45)/(-2) - 2/4. What is the highest common factor of 2 and m?
2
Let v(j) = -j**3 + 5*j**2 - 6*j + 22. Let y be v(4). What is the greatest common divisor of 126 and y?
14
Suppose -2*s + 3 = -s. Suppose -2*g + 0*g = 4*o - 272, -2*g + 267 = s*o. Suppose 0 = m + m - 28. Calculate the greatest common factor of g and m.
14
Suppose 220 = 2*w + 3*w. Suppose 0 = 4*c - 4. Suppose 5*z + c = 21. What is the highest common divisor of z and w?
4
Let x be 168/21*(-1 + 5). Calculate the greatest common factor of x and 64.
32
Let z be 1917/21 + 6/(-21). Let f be 16 - (3 - -3)/2. What is the highest common factor of z and f?
13
Let j = 57 - 36. Calculate the greatest common factor of 84 and j.
21
Suppose -3*t + r + 136 = -r, 4*t + 2*r = 172. Suppose d - 5*x = 9, -5*x - 13 - 12 = -5*d. What is the greatest common factor of t and d?
4
Let l(v) = 2*v - 25. Let w be l(14). Calculate the greatest common divisor of 39 and w.
3
Suppose 0*h + 4*h - 208 = 0. What is the greatest common factor of h and 13?
13
Let r(l) = -l**2 + 4. Let y be r(0). Suppose 3 = y*s - 1. Suppose 5*m = 2*w + 10, 2*w - s = 3*m - 3. Calculate the greatest common factor of 15 and w.
5
Let o(a) = -a + 8. Let x be o(-7). Suppose 7*h = 4*h + x. Suppose 13 = -h*y + 58. Calculate the highest common divisor of 99 and y.
9
Let d(g) = 2*g - 5. Let b be d(15). What is the highest common factor of 25 and b?
25
Suppose -6 = -4*c + 2*c, -5*p + 3*c = -16. Let r be (-17 - -12)/(-1 - 0). Calculate the greatest common factor of p and r.
5
Let f be 3*26*3/9. Calculate the highest common divisor of f and 234.
26
Suppose 9*u = 8*u + 2. Let f be (u - 4 - 0) + 4. What is the highest common factor of 1 and f?
1
Let x(s) = 2*s**2 + 4*s - 1. Let q be x(-4). Calculate the highest common divisor of 75 and q.
15
Let y be 15*(0 + 84/20). What is the greatest common divisor of y and 21?
21
Suppose 5*s - 3*s = -4. Let i(v) = 9*v**2 + v + 2. Let f be i(s). Let y = 27 + -23. What is the greatest common factor of f and y?
4
Suppose 5*i - 37 = -12, i = -2*h + 25. Let w be -5*4/((-20)/33). Suppose 2*u - 112 = -3*z, -13 + w = -5*u. Calculate the greatest common divisor of h and z.
10
Suppose 0 = 4*q + 4*b - b - 85, -4*q + 125 = -5*b. Suppose -j = -6*j + q. Suppose 1 = l - j. What is the highest common divisor of l and 18?
6
Let l = 37 + 8. What is the greatest common factor of l and 135?
45
Let r be 44/12 + 2/6. Calculate the greatest common factor of r and 18.
2
Suppose 0 = -29*z + 34*z - 105. Calculate the greatest common divisor of 147 and z.
21
Let u be ((-117)/2)/((-4)/8). What is the greatest common divisor of 13 and u?
13
Suppose b + 164 = 2*d - 0*d, -3*d = 5*b - 220. Calculate the highest common factor of d and 32.
16
Suppose 1 - 17 = -2*k. What is the greatest common divisor of k and 8?
8
Let g = 41 - -31. Calculate the greatest common factor of 9 and g.
9
Suppose 4*a = -2*a. Suppose a = -3*b + 11 + 13. What is the highest common factor of b and 2?
2
Let h(w) = 27*w + 1. Let x be h(1). What is the greatest common divisor of x and 28?
28
Let a(s) be the first derivative of -3/2*s**2 + 1/3*s**3 + 5*s + 2. Let t be a(4). Calculate the greatest common factor of 99 and t.
9
Let p = 524 + -348. Let o = 5 - 0. Suppose 2*k - 40 = -k + 4*y, 88 = o*k + 4*y. Calculate the highest common divisor of p and k.
16
Let i be (10/35)/(2/7). Calculate the highest common divisor of i and 1.
1
Suppose -4*o = o - 35. Let u = -15 + 20. Suppose -2*i + u*s + 136 = 0, -4*s - 172 = 4*i - 416. Calculate the highest common divisor of i and o.
7
Let x = 40 + -29. Suppose 0 = 4*w - 2*q - 34, -4*w + 4*q - 31 = -5*w. What is the greatest common factor of w and x?
11
Let s(b) = 4*b - 28. Let x be s(17). Calculate the highest common factor of 8 and x.
8
Let l = 231 + -87. Suppose -5*i + 54 = -n - 126, -4*i + l = -5*n. Let p = -19 + 43. Calculate the greatest common divisor of i and p.
12
Suppose 0*k - 623 = -4*k - 5*s, 5*k - 748 = 4*s. Suppose k = 5*f - 218. Suppose 79 + f = 3*o. What is the highest common divisor of 17 and o?
17
Suppose 2*j - 66 = -3*j - l, 5*j + 4*l - 69 = 0. Suppose 2*a - 11 + 3 = 0. Suppose -m + 9 = -a. Calculate the greatest common divisor of m and j.
13
Let l = 0 + 2. Suppose -27 = 4*y + 5*p, 6 = 5*y + l*p + 27. Let a be 4*(0 - (1 + y)). What is the greatest common divisor of a and 24?
8
Let w(p) = p**3 + 7*p**2 - 9*p. Let r be w(-8). Suppose -r = u - 2*u. Calculate the highest common divisor of 8 and u.
8
Let l(h) be the first derivative of 3*h + 9/4*h**4 - h**2 + 1 - 2/3*h**3. Let n be l(2). What is the greatest common divisor of 9 and n?
9
Suppose -3*v - 3*q + 6 = 0, -2*v + 4 = -0*v - 3*q. Calculate the highest common divisor of 22 and v.
2
Suppose -3*s - 54 = -3*w, -12 = -2*w + 4*s + 18. Let v be 614/7 - (-6)/w. Suppose i = -3*i + v. Calculate the highest common factor of i and 55.
11
Let c be 622/10 + (-1)/5. Suppose c = 3*b + 2. Calculate the greatest common factor of b and 4.
4
Let f = 16 - 6. What is the greatest common divisor of f and 110?
10
Let z(o) = 2*o**2 - 9*o - 10. Let i be z(7). Let l = 73 - i. Let t = -30 + 42. What is the highest common factor of l and t?
12
Let p be (-3 + -1)/((-8)/20). What is the highest common factor of p and 4?
2
Suppose v + 64 + 101 = 4*z, -4*z = 5*v - 183. Calculate the greatest common di